{"id":1429,"date":"2022-02-27T11:32:28","date_gmt":"2022-02-27T10:32:28","guid":{"rendered":"https:\/\/acontrevents63.fr\/?page_id=1429"},"modified":"2022-03-24T19:35:10","modified_gmt":"2022-03-24T18:35:10","slug":"liens","status":"publish","type":"page","link":"https:\/\/acontrevents63.fr\/?page_id=1429","title":{"rendered":"Liens"},"content":{"rendered":"\n<p>Une vid\u00e9o : certes longue,  mais que chaque citoyennes et citoyens devrait visionner afin de mesurer la trag\u00e9die qui se profile avec l&#8217;<strong>acharnement des lobbys et personnes corrompus \u00e0 vouloir d\u00e9figurer notre pays de parcs \u00e9olien<\/strong>.<br><a href=\"https:\/\/www.youtube.com\/watch?v=Vf9EbpzDvoY&amp;list=PLf13LYaeBbtBZijEk9xPkyBT57hDojzUC&amp;index=8&amp;ab_channel=DocumentaireetV%C3%A9rit%C3%A9\" target=\"_blank\" rel=\"noreferrer noopener\" title=\"Eoliennes : du r\u00eave aux r\u00e9alit\u00e9s (le film)\">Eoliennes : du r\u00eave aux r\u00e9alit\u00e9s (le film)<\/a><\/p>\n\n\n\n<p>Un des sites de r\u00e9f\u00e9rences pour \u00eatre inform\u00e9 sur les nuisances, rapports, commission, \u00e9tudes concernant la catastrophe annonc\u00e9e des &#8220;champs&#8221; \u00e9oliens :<br><a title=\"Site : Vent de col\u00e8re\" href=\"https:\/\/ventdecolere.org\" target=\"_blank\" rel=\"noreferrer noopener\">Site : Vent de col\u00e8re<\/a><\/p>\n\n\n\n<h2 class=\"wp-block-heading\">Vid\u00e9os diverses de r\u00e9-information sur les \u00e9oliennes.<\/h2>\n\n\n\n<p>Remarque : cette liste de vid\u00e9os sera constamment mise \u00e0 jour au fil de nos d\u00e9couvertes sur le sujet, n\u2019h\u00e9sitez pas (via notre adresse mail) \u00e0 nous signaler tout contenu erron\u00e9 ou inappropri\u00e9 (l&#8217;erreur \u00e9tant humaine).<\/p>\n\n\n\n<p><a href=\"https:\/\/www.youtube.com\/playlist?list=PLmVWyrQ9Dy6tfaKVL3q1J12jdPsYSJnDa\" target=\"_blank\" rel=\"noreferrer noopener\" title=\"Cha\u00eene Youtube &quot;A CONTRE-VENTS&quot;\">Cha\u00eene Youtube &#8220;A CONTRE-VENTS&#8221;<\/a><\/p>\n\n\n\n<p> <a href=\"https:\/\/fb.watch\/bEdsiFox0u\/\" data-type=\"URL\" data-id=\"https:\/\/fb.watch\/bEdsiFox0u\/\">Facebook: Interview Christophe Zeller<\/a><\/p>\n\n\n\n<p> <a href=\"https:\/\/youtu.be\/UxlWfLuyiVE\" target=\"_blank\" rel=\"noreferrer noopener\" title=\"Eolien La belle illusion\">Eolien, la belle illusion<\/a><\/p>\n","protected":false},"excerpt":{"rendered":"<p>Une vid\u00e9o : certes longue, mais que chaque citoyennes et citoyens devrait visionner afin de mesurer la trag\u00e9die qui se profile avec l&#8217;acharnement des lobbys et personnes corrompus \u00e0 vouloir&#8230;<\/p>\n","protected":false},"author":1,"featured_media":0,"parent":0,"menu_order":0,"comment_status":"closed","ping_status":"closed","template":"","meta":{"om_disable_all_campaigns":false,"_monsterinsights_skip_tracking":false,"_monsterinsights_sitenote_active":false,"_monsterinsights_sitenote_note":"","_monsterinsights_sitenote_category":0,"ngg_post_thumbnail":0,"_kad_post_transparent":"","_kad_post_title":"","_kad_post_layout":"","_kad_post_sidebar_id":"","_kad_post_content_style":"","_kad_post_vertical_padding":"","_kad_post_feature":"","_kad_post_feature_position":"","_kad_post_header":false,"_kad_post_footer":false,"footnotes":""},"class_list":["post-1429","page","type-page","status-publish","hentry"],"aioseo_notices":[],"_links":{"self":[{"href":"https:\/\/acontrevents63.fr\/index.php?rest_route=\/wp\/v2\/pages\/1429","targetHints":{"allow":["GET"]}}],"collection":[{"href":"https:\/\/acontrevents63.fr\/index.php?rest_route=\/wp\/v2\/pages"}],"about":[{"href":"https:\/\/acontrevents63.fr\/index.php?rest_route=\/wp\/v2\/types\/page"}],"author":[{"embeddable":true,"href":"https:\/\/acontrevents63.fr\/index.php?rest_route=\/wp\/v2\/users\/1"}],"replies":[{"embeddable":true,"href":"https:\/\/acontrevents63.fr\/index.php?rest_route=%2Fwp%2Fv2%2Fcomments&post=1429"}],"version-history":[{"count":14,"href":"https:\/\/acontrevents63.fr\/index.php?rest_route=\/wp\/v2\/pages\/1429\/revisions"}],"predecessor-version":[{"id":1815,"href":"https:\/\/acontrevents63.fr\/index.php?rest_route=\/wp\/v2\/pages\/1429\/revisions\/1815"}],"wp:attachment":[{"href":"https:\/\/acontrevents63.fr\/index.php?rest_route=%2Fwp%2Fv2%2Fmedia&parent=1429"}],"curies":[{"name":"wp","href":"https:\/\/api.w.org\/{rel}","templated":true}]}}